 f(10)?
232
Let d(y) = 3*y**2 + y - 3. What is the remainder when d(-3) is divided by (12 + -10 - -36) + -28?
1
Suppose 3*v + 6*g = 177, -3*v + 13 = -5*g - 230. Calculate the remainder when 2263 is divided by v.
62
Let u(g) = 7*g - 10. Let a be u(2). What is the remainder when 128 is divided by 171/18 + ((-30)/a)/(-3)?
8
Let l be ((-2 - -3)*-3 - -4) + 4. Suppose 0*h = -2*h - l*m + 27, m = -h + 6. Calculate the remainder when 2 is divided by h.
0
What is the remainder when (15 - (15 - 12))/(6/296) is divided by 119?
116
Suppose a = -1, 7*a - 6*a + 35 = -d. Suppose -12 - 1 = -n. What is the remainder when (9 + 1)*(-29 - d) is divided by n?
11
Suppose -d = 3*d - 32. Calculate the remainder when 1 + (-94)/(-2) - (-40)/(-20) is divided by d.
6
Suppose 60*p + 127 = 61*p. Suppose 4*l - 4*v = 348, 3*l + 2*v - 236 - 15 = 0. Let a = p - l. What is the remainder when 79 is divided by a?
37
Let k = -13 - -34. Suppose 3*i - 12 = 0, 0 = f - 440*i + 443*i - 39. Calculate the remainder when f is divided by k.
6
Suppose 2*u + 19 = 3*u + 5*p, 0 = 5*u + 4*p + 10. Calculate the remainder when ((-3)/u)/((-7)/(-994)) is divided by 8.
7
Let s = -5 + 45. Let l = -34 - -76. Suppose 2*n + n = l. What is the remainder when s is divided by n?
12
Suppose 3*s + 15 = 2*x + 4*s, s - 5 = 0. Calculate the remainder when (102/(-1020) - (-21)/10) + (7 - -2) is divided by 1/(-5) + 21/x.
3
Suppose 75*x - 6*x - 46828 = -23*x. What is the remainder when x is divided by 73?
71
Let a(d) = -111*d**2 - 1553*d + 21. What is the remainder when 1544 is divided by a(-14)?
4
Suppose 0 = w + 5*z - 51, -4*w + 40*z - 35*z + 204 = 0. Calculate the remainder when w is divided by 26.
25
Calculate the remainder when 12/20 - (-239635)/275 is divided by 215.
12
Let c(t) = 126*t - 993. Calculate the remainder when c(15) is divided by 26.
13
Let g(f) be the second derivative of 4/3*f**3 - 21/2*f**2 + 0 + 36*f. Calculate the remainder when 138 is divided by g(7).
33
Suppose v + 4*s = 697, 2582 = 4*v + 4*s - 110. Calculate the remainder when 1415 is divided by v.
85
What is the remainder when (1*(-5 - -2))/(56/(-2632)) is divided by 19?
8
Let i be -1*((-28)/6)/(4/6). Suppose -2*r = -i*r + 790. What is the remainder when r is divided by 32?
30
Let y be (-30)/(-35) + 192/21. Suppose y*m - 28 = 6*m. What is the remainder when 117 is divided by m?
5
Let x = 52 - 49. Suppose x*g - 7*g = -12. Suppose -g*v + 231 = 4*v. Calculate the remainder when 63 is divided by v.
30
Suppose -101*t + 11570 = 77*t. Calculate the remainder when 2143 is divided by t.
63
Suppose 11*h - 16*h = 1185. Let g = 241 + h. What is the remainder when 17 is divided by g?
1
Let a = -265 + 332. Calculate the remainder when 335 is divided by a.
0
Let z(f) = -f**3 - 9*f**2 - f + 13. Let l = -472 - -481. Let k(p) = 14*p - 112. Calculate the remainder when z(-10) is divided by k(l).
11
Suppose -2*d + 100 = 4*x, 3*d + 15*x = 13*x + 162. What is the remainder when 783 is divided by d?
55
Let x(d) = -41*d**2 - 575*d + 46. Calculate the remainder when 757 is divided by x(-14).
37
Let f = -225 - -319. Suppose -4*o - 4*q = -19 - 25, 62 = 5*o - 2*q. Let c(r) = -r**3 + 12*r**2 + 3*r - 11. What is the remainder when f is divided by c(o)?
19
Let a(o) = 317*o + 524. What is the remainder when 4137 is divided by a(-1)?
204
Suppose -184*p + 580 = -182*p. Let j = 300 - p. Calculate the remainder when 11 is divided by j.
1
Suppose 71*v = -v + 13464. What is the remainder when 364 is divided by v?
177
Let q(t) = 6*t**2 - 4*t - 6. Calculate the remainder when q(-4) is divided by (-136 - -157)/((-6)/(-8)).
22
Suppose 0 = -2*s - 3*l - 333, 5*l + 163 = -3*s - 334. Let y = s + 192. Calculate the remainder when 40 is divided by y.
4
Suppose n + 13*c = 17*c + 6, -5*c + 15 = 0. Calculate the remainder when 14597 is divided by n.
17
Let q(m) = 2*m**2 + 6*m + 24. Let w be q(-11). Suppose -17*k = -9*k - w. What is the remainder when 75 is divided by k?
0
Let w(u) = 4*u**3 + 30 - 159*u - 14*u**2 + 182*u - 3*u**3. Calculate the remainder when 51 is divided by w(12).
15
Let l = -101 - -117. Suppose 6*t - 62 - l = 0. What is the remainder when 34 is divided by t?
8
Suppose -309 = -3*r + 4*b + 652, -r - 5*b + 314 = 0. Calculate the remainder when r is divided by 32.
31
Let k(m) = m**2 - 57*m - 715. What is the remainder when 770 is divided by k(-12)?
92
Suppose -18 = 49*n - 55*n. Let c(w) be the second derivative of w**5/20 - w**4/6 + 5*w**3/6 - 3*w**2/2 + 5*w. What is the remainder when c(n) is divided by 8?
5
Suppose -9*m + 35164 = 10*m + 1857. What is the remainder when m is divided by 13?
11
Let z = -9199 - -10050. Calculate the remainder when z is divided by 424.
3
Suppose i + 330 = -139. Let s = -448 - i. Calculate the remainder when s is divided by 14.
7
What is the remainder when 1048 is divided by 2*1*((-256)/32 - -33)?
48
Suppose j + 5*w = 463, -25 = -4*w - 1. What is the remainder when j is divided by 52?
17
Calculate the remainder when (-22)/5 + 5 - 10644/(-60) is divided by 40.
18
Let r = -201 + -41. Let b = 20 - r. What is the remainder when b is divided by 44?
42
Let j(r) = -24*r - 66. Calculate the remainder when j(-27) is divided by 98.
92
Let c(p) = p**3 + 3*p**2 + 2. Let o be c(-3). Suppose 5*q = -k - 0*q + 14, o*k + 2*q = 36. What is the remainder when 35 is divided by k?
16
Let a = -100 + 368. Suppose -31*l + 33*l - 26 = 0. What is the remainder when a is divided by l?
8
Let g = 122 - 92. Suppose 0 = g*a + 801 - 4101. What is the remainder when a is divided by 23?
18
Let b(s) = 2*s**2 + 2*s - 8. Let w be b(4). Suppose -10*j + 232 - w = 0. What is the remainder when 57*(-1 - (-6)/3) is divided by j?
17
Let m = 13 - 7. Let v be (-1*(10 + -1))/(38/38). What is the remainder when 4/m*(-270)/v is divided by 7?
6
Suppose g - 1 = 2. Suppose -g*c + 6*c = 72. Let f = -54962 - -54977. What is the remainder when c is divided by f?
9
Suppose 0 = -5*a - 3*s + 10 + 111, -4*a - 3*s = -95. Let o(q) = -3*q + 104. What is the remainder when o(5) is divided by a?
11
Let k = 39903 - 31214. Calculate the remainder when k is divided by 46.
41
Suppose 1490 + 973 - 287 = 64*d. What is the remainder when 352 is divided by d?
12
Let z(j) = 13*j - 9. Suppose -11*d + 51*d - 11100 = -60*d. What is the remainder when d is divided by z(2)?
9
Suppose -7*l = -1 - 6. Suppose 3*i - 24 = -4*b, 5*b - 3*i - 2 = l. Suppose -12 = -4*t, -b*t + 2*t = 5*w - 48. What is the remainder when w is divided by 3?
0
Suppose 96 = -2*o + 3*o. Suppose -6*g + 9*g - 2 = 2*k, -g + k = 1. Suppose g*r - 100 = -0*r. What is the remainder when o is divided by r?
21
Suppose -3*a + 0*a = -102. Calculate the remainder when 16 is divided by 4/20 - a/(-5).
2
Suppose 17*z + 210 = y + 14*z, -2*z + 444 = 2*y. Calculate the remainder when y is divided by 73.
0
Let g(i) = i**3 + 16*i**2 - 2. Let x be g(-16). Let q be 1 + -5 + 4 - (x - -12). Calculate the remainder when 60 - (q - -3 - -4) is divided by 32.
31
Let n(g) = 5 + 13*g + 3*g - 27 + g**2. What is the remainder when n(-19) is divided by (-8)/(-4)*1 - -17?
16
Suppose 17*s + 99 - 677 = 0. Suppose -c + 74 = 3*x, 4*c = x - s + 5. Calculate the remainder when 120 is divided by x.
20
Suppose s - 46 - 127 - 442 = 0. Calculate the remainder when s is divided by 150.
15
Let d = 150 + -127. Suppose -d*z + 138 = -17*z. Let q(w) = -13*w + 1. Calculate the remainder when q(-5) is divided by z.
20
Let d(h) = -66*h + 598. What is the remainder when d(3) is divided by 84?
64
What is the remainder when 1 + (-2)/(-16)*(97 + 199) is divided by 13?
12
Suppose -679*r + 682*r = 3573. What is the remainder when r is divided by 46?
41
Let g(d) = -7*d - 2. Let r be g(-4). Let x = r - 11. Suppose 507*z = 522*z - 660. Calculate the remainder when z is divided by x.
14
Let z(h) = h**3 + 21*h**2 + 3*h + 23. Let v be z(-21). What is the remainder when (84/(-30))/(2/v) is divided by 20?
16
Let d(i) = -i**2 + 7*i + 7. Let n be 4/6 - 16/(-3). Suppose 68*x - 2236 = -20*x + 1020. What is the remainder when x is divided by d(n)?
11
Let w(q) = -q**2 + 22*q + 12. Let v be (-4 - 1)*198/(-90). Suppose 0 = 2*p - 10, -4*p - 121 = -4*r - p. What is the remainder when w(v) is divided by r?
31
Let q = -1260 + 1322. Suppose -3*d = -7*d + 28. What is the remainder when q is divided by d?
6
Let t = -377 + 347.